2 - (10 + -12)) + 30 + (1 - -83) - 12
72
What is 61 + 8 + -29 + 33 + -9?
64
What is the value of 55 - ((-27 - -15) + 54)?
13
(-62 + 12 - -99) + -77
-28
Evaluate (-1 - (-1 + 2)) + 9 + (-36 - 10 - -35).
-4
What is 12 + -18 - (19 + -6 + 1) - -26?
6
-1 - (4 - -2) - ((85 - 77) + (-15 - -2))
-2
Evaluate (-1 - (3 - 107)) + (-33 - (-14 + -37)).
121
Calculate 2 - ((7 + 37 - 25) + -23).
6
What is the value of (-2 - 46 - (-30 + 48)) + 0 + 0 + -9?
-75
Calculate -75 + 26 + (59 - 151).
-141
Calculate -5 + 0 - (-13 + -3 - (83 + -88)) - -53.
59
(-29 - -74 - 23) + (3 + -6 - 143)
-124
Evaluate 53 + -6 + (-3 - (5 - 6)) + (6 - 8).
43
Calculate (193 + 25 - 144) + (1 - -29).
104
What is -1199 + 1161 + 5 + 36?
3
Evaluate -22 + (-9 - (-58 - 6 - -8)).
25
What is 0 - -81 - (3840 - 3808)?
49
Calculate -29 - (-8 - (-13 + 107 - -9)).
82
What is (2 - -4) + (7 - 3 - (-39 - -44) - 12)?
-7
Evaluate (-1 - 45) + (-946 - -1033).
41
-33 + 87 - -49 - 138
-35
Evaluate 0 - -66 - (945 - 892).
13
What is the value of (-23 + 19 - (-2 - -5)) + -6 + (41 - 45)?
-17
40 - ((1 - (-29 + 6) - 13) + -13)
42
Calculate 3833 + -3785 + -88 + 1.
-39
Evaluate -41 - (54 + -40 - 23).
-32
What is the value of (-30 - (8 + -6)) + -422 + 403?
-51
What is -34 - (99 - 58 - 56)?
-19
Evaluate 64 + -8 + 22 + (-7 - -2 - 4) + 3.
72
Calculate (-39 - -8) + (18 + 29 + -15 - 21).
-20
Calculate (-601 - -680) + -126 + 0.
-47
Evaluate 67 - (-42 + -38 + 99).
48
Calculate -39 + 14 + 11 + -18.
-32
What is 35 + -120 + -71 + 118?
-38
What is the value of (-25 - (-38 - (16 + -29))) + (2 - 88)?
-86
What is the value of (-3 - 5) + (11 - 4) + (40 - (-12 - -12))?
39
What is the value of 9 + 7 + (1 - 6)?
11
Evaluate (18 - (54 + -47)) + -33 + -3.
-25
What is (-15 - (23 - 49 - -29)) + 17?
-1
Calculate (1375 - 1399 - ((-7 - 1) + -1)) + -7.
-22
Evaluate 5 + ((-6 - 6) + (-1 - 22) - -2).
-28
What is the value of -34 + 15 + (-39 - -36) + -6?
-28
Calculate (19 - (-42 + 22)) + 44 + -12 + -1.
70
Evaluate 106 + -1 - (-1 - -2 - (-18 + 32 + -26)).
92
-6 - 2 - -4 - (-11 - (1 + -15 - -4))
-3
What is (-15 + -23 - -2) + 20?
-16
Calculate 0 - (3 - 4) - -5 - (-27 - (-5 + 8)).
36
What is (-2 - -7) + 6 - ((45 - 38) + -16)?
20
Evaluate -1 + -1 + (5 - 0) + 30 + (-15 - 27).
-9
What is the value of 24 + -2 + -1 - (-471 - -520)?
-28
Evaluate 43 + -14 + (15 - -11 - (14 + -2)).
43
Evaluate (-62 - -45) + -43 + 53.
-7
Evaluate -116 + -113 + 295 + 6.
72
What is 2973 - 3041 - (-98 - 0)?
30
Calculate (197 - 193) + (-3 - -31) + 1 + 11.
44
(59 - -39 - 61) + 18
55
What is -11 + -2 + (1 - -4) + -2 + (-89925 - -89810)?
-125
Evaluate (-21 - -41) + -39 + -4 + 108 + 7.
92
(19 - ((1 - 0) + -9 + 13)) + (568 - 609)
-27
What is the value of 104 - 50 - ((-13 - -15) + -13)?
65
What is -123 + -9 + 125 - (11 - -1)?
-19
What is the value of 23 + (-8 - 15) - 35?
-35
1 + 7 + (-310 - -264)
-38
What is (30 + -70 - 33) + 77?
4
Evaluate (1 + 0 - 11) + 18827 + -18886.
-69
Evaluate -7 + -59 + (38 - 19 - 10).
-57
-6 + -28 + (-11 - -9) + -7 + 9 + -6
-40
Evaluate -5 + (3 - (70 + -43)).
-29
What is (9 - -62 - 84) + (56 - 1)?
42
What is 1206 + -1196 - (-3 + (-4 - -7) - (1 + -55))?
-44
Calculate 20 + -53 + 15 + 6.
-12
-84 + (32 - 9) + -14 - (-30 + 21)
-66
-31 + 70 + 0 - ((8 - 20) + -7)
58
Evaluate -13 + 27 + 5 + -5 + -8 - (-45 + 0).
51
What is 29 - (26 - 25) - 8?
20
What is -64 - (5 + (-39 - 57))?
27
0 + -88 + 66 + 46
24
Calculate -19 + -22 + 48 + -24 - 22.
-39
Calculate (-15 - 4) + 52 + (-12 + 0 - 2).
19
What is the value of (4 - (4 + -3)) + ((20 - -15) + -12 - 6)?
20
Calculate -33 + 55 + (78 - 140).
-40
Evaluate -37 - (-5 + 6) - (2 - (25 - 32)).
-47
What is the value of -12 - -9 - (-79 + -2 + -3) - (29 + -24)?
76
Calculate 8 + 1 - (32 + -47 + 26 + -54).
52
34 - -24 - 7 - -17
68
Calculate (10 - (31 - (27 - 11))) + (7 - 7).
-5
What is the value of -109 + 134 - (-7 - (0 - -6))?
38
What is -1953 + 1988 - (2 + 69)?
-36
What is (-2283 - -2285) + (-3 - (2 + -40 + -2))?
39
Evaluate 21 + -11 + -21 + 2 + (4 - 9 - 30).
-44
What is -5 + 0 + -4 + -7 + 88 + -23?
49
(39 - -73) + -53 - 29
30
What is -5 - 57 - (1 - 1 - (47 + 24 + -58))?
-49
Calculate 80 + -102 - (3 + -3 + -16) - (58 - -1).
-65
What is -68 + (40 + -22 - 3) + 11?
-42
Evaluate 14 + 1 + -5 + (-37 - (0 + -33)) + -109.
-103
Calculate -37 + ((-51 - -62) + (-13 - 0) - (-3 - -2)).
-38
(67 - 118) + (23 - -9)
-19
What is (55 - (46 + -74)) + -47?
36
Evaluate 139 + (-52 - -25) - (2 - 1) - -16.
127
Calculate 6 + -20 + (8 - (46 + -24)).
-28
Calculate 53 - (0 - -2 - 35 - (-1876 + 1859)).
69
Evaluate -211 - -235 - (0 + -3 + -1).
28
Calculate 81 - ((-28 - -61) + 46).
2
Calculate -2127 - -2081 - (3 - 2).
-47
What is ((-18 - -20) + 4 - -6) + 77?
89
What is the value of 17 + 66 + -85 + 19?
17
What is 4 + 0 + (6 - (20 - 4)) - (-24 - -34)?
-16
What is the value of (-8 - 1) + (-48 - (27 + -38)) + 136?
90
Calculate 8 - (113 + -73 + -51 - (-27 + -1)).
-9
What is 1 + 11 + (297 + -53 - 236)?
20
-38 - -1 - (-432 + 391) - (0 - 66)
70
Calculate (-258 - (-110 + -125)) + (-1 - -26).
2
Evaluate -1 - (-41 - (-61 + 74)).
53
Calculate -77 + (11 + -6 + (15 - 22) - 7).
-86
Calculate 41 + -4 + (-7 - (145 + -55)).
-60
Evaluate -3624 + 3618 - (-1 - 17).
12
What is 820 - 781 - (45 + 0)?
-6
Evaluate 6 - 2 - 1 - (906 + -956).
53
What is (-1 - -1) + -6 - -48 - (5 + -2 - 11)?
50
Calculate 54 - 0 - (-2 + 4) - (-6 - 16 - -25).
49
What is the value of 1 - -16 - (-40 + 69 - 22) - 29?
-19
Evaluate -2 - 0 - 4 - (25 + (-4 - -8)).
-35
Calculate 100 + (-5 + -3 - (3 - -17)).
72
-56 + 4 - -28 - -54
30
Calculate -23 + -12 + (-9 + 8 - 7 - -7) + 10.
-26
Calculate (2 - 2) + 1 + -2 - (32 + (1 - 36)).
2
What is the value of (20 - 1) + -1 + 5 - (-59 + 78 + -18)?
22
Evaluate -2 - -76 - (-7 - -5) - (-4 - (-2 + -12)).
66
What is 155 + -23 + (-16 - -12) + -11?
117
What is the value of 9 + -8 + 14 - 35 - (0 - 9)?
-11
Calculate -2 - 54 - -26 - -24 - (67 + 0).
-73
Calculate -3 + -17 + (-28 - -33) + -27.
-42
Evaluate 2289 - 2284 - (30 + 1).
-26
Calculate (-16 - (-1 - -18 - 16)) + 2 - -23.
8
-12 + -60 + 72 + -14
-14
Evaluate 73 - (13 + (-4 - (39 + 7))).
110
Calculate 23 + (5 - (22 + -6 + (6 - -2))).
4
What is the value of 18 - (-14 + 15 + -10 + 4 + 9)?
14
Calculate 41 + 1 - (1 + 19 + (-25 - -4)).
43
Evaluate (-3075 - -3177) + (-1 - (9 - (1 - 4))).
89
What is the value of -4 + 22 + (9 - ((16 + -6 - -7) + -20))?
30
What is the value of (-17 - (11 + -17)) + (-78 - -6)?
-83
Evaluate (-17 - (-2 + 0)) + (7 - (25 + 6 - 16)).
-23
Evaluate 4 + 10 + -161 + 96 + -12.
-63
What is the value of -23 + (-3 - (-11 - 1) - 3)?
-17
-3 - 5 - ((-23 - -21) + (-54 - 1))
49
What is the value of (-51 - 211 - -308) + 0 + -33?
13
Evaluate 2 + -8 - (-10 + 0 - 21).
25
What is -13 + 17 + -11 + (-19 - -36) + 5?
15
Calculate 11 - (3 - -3) - (-11 + (-18 - -8)).
26
What is 0 + 9 - (6 + 14 + -15 + 11 - 110)?
103
What is the value of (-7 - (-3 + 5 + (-12 - -5) + -17)) + 4?
19
What is the value of 20 + (-2 - 11) + 6 + -21 - -78?
70
Calculate (-1 - -23 - (28 + -60 + 47)) + 6.
13
Evaluate 55 + 16 + 55 + -65.
61
Calculate -2 - -13 - (563 - 593).
41
What is (-29 - 2) + 0 - (2046 - 2047)?
-30
What is -1 + 3 + (-33 - (-59 - 3))?
31
Evaluate (1 - -114) + (-191 - -208) + -12 + 1 + -3.
118
What is the value of (43 - 1) + -85 + 164 + -76?
45
What is the value of (42 - (60 - 30)) + -83 + 9?
-62
What is (8 + 12 - 50 - 24) + 5 - -11?
-38
What is the value of -3 + (-13 - 4) + (31 - -16 - -89)?
116
What is the value of (187 - (-83 + 290)) + (-41 - 0)?
-61
Calculate -11 - (-52 + 33 - 5) - 53.
-40
Calculate (339 + -358 - (-6 - 1)) + 24 - -6.
18
What is (-1101 - -1057) + 3 + 48?
7
What is (5 - ((-18 - -33) + -32)) + (-1 - 3)?
18
What is 114 + (-13 + 13 + (21 - 24) - (-4 - 7))?
122
What is (26 - 34) + -25 + 22 + 67?
56
Evaluate (1 - -42) + 82 + -60.
65
What is 4 - (2 + (-4 - (5 - -1) - -66) - -1)?
-55
What is 20 + 36 + -36 + 17?
37
What is 6 + -6 - 3 - (-10 + -54 + 100)?
-39
What is the value of (0 - 12) + 13 + 14?
15
What is the value of -95 + (16 + (-2 - 20) - (1 + -20))?
-82
What is the value of 133 - (34 - -196 - 49)?
-48
Calculate -59 + 39 + -29 - 58.
-107
-4 + -40 + (127 - 138) + 11
-44
(19 - -2 - 22) + 1 + -9 + -1 + -3
-13
Calculate 14 + (-14 - (-84 + -11)).
95
90 + 44 + (-62 - 24)
48
Calculate (983 - 987) + 0 + (1 - -33).
30
What is the value of (1 - -62) +